oes 266 divide 1339983?
False
Is 280869 a multiple of 753?
True
Is 995 a factor of 753185?
False
Is 37 a factor of 27589?
False
Is 2737454 a multiple of 190?
False
Does 5 divide 40683?
False
Is 906356 a multiple of 11?
True
Is 259 a factor of 17749529?
True
Is 390521 a multiple of 30?
False
Does 161 divide 4889900?
False
Is 778550 a multiple of 50?
True
Does 21 divide 4024293?
True
Does 12 divide 476430?
False
Is 13 a factor of 1272089?
True
Is 172720 a multiple of 9?
False
Is 247 a factor of 2006381?
True
Does 14 divide 359436?
True
Is 59 a factor of 9456980?
False
Does 6 divide 288702?
True
Is 15 a factor of 4668564?
False
Is 1737784 a multiple of 27?
False
Is 2071456 a multiple of 16?
True
Is 10 a factor of 8983847?
False
Is 37 a factor of 810818?
True
Does 169 divide 12506?
True
Is 116 a factor of 194663?
False
Does 33 divide 28215?
True
Does 27 divide 134195?
False
Is 355576 a multiple of 104?
True
Does 89 divide 1442222?
False
Is 22 a factor of 105490?
True
Is 1779730 a multiple of 1102?
True
Is 129479 a multiple of 484?
False
Does 166 divide 170724?
False
Is 876 a factor of 8130156?
True
Is 236 a factor of 1129732?
True
Is 16 a factor of 10285792?
True
Does 110 divide 115720?
True
Does 18 divide 7304022?
True
Is 1208 a factor of 7548792?
True
Does 58 divide 661896?
True
Does 144 divide 9434736?
True
Is 5 a factor of 89245?
True
Does 101 divide 326836?
True
Is 3508300 a multiple of 100?
True
Does 189 divide 950859?
True
Is 33759 a multiple of 38?
False
Does 13 divide 928955?
False
Does 118 divide 7335470?
True
Does 61 divide 138775?
True
Does 261 divide 619558?
False
Does 83 divide 423520?
False
Does 1114 divide 2498702?
True
Does 23 divide 849555?
False
Is 9 a factor of 49149?
True
Is 144704 a multiple of 112?
True
Is 13961154 a multiple of 258?
True
Is 93 a factor of 121365?
True
Does 1546 divide 3079250?
False
Is 641010 a multiple of 15?
True
Is 181 a factor of 3232?
False
Is 2349382 a multiple of 12?
False
Is 35 a factor of 154315?
True
Is 428736 a multiple of 33?
True
Is 66877 a multiple of 12?
False
Is 86523 a multiple of 164?
False
Does 60 divide 760638?
False
Is 1938736 a multiple of 27?
False
Is 539 a factor of 8207892?
True
Is 1100880 a multiple of 20?
True
Is 8408584 a multiple of 1528?
True
Does 230 divide 817022?
False
Does 250 divide 195500?
True
Is 11 a factor of 265419?
True
Does 5 divide 1131745?
True
Is 15745199 a multiple of 17?
False
Does 72 divide 30384?
True
Is 29 a factor of 7746897?
False
Is 36 a factor of 88432?
False
Is 191610 a multiple of 211?
False
Is 12 a factor of 75338?
False
Is 786 a factor of 2077069?
False
Does 53 divide 3963695?
False
Is 116 a factor of 14809363?
False
Is 786 a factor of 681325?
False
Is 317981 a multiple of 17?
False
Does 458 divide 3629650?
True
Does 203 divide 2987957?
True
Is 331170 a multiple of 285?
True
Is 4445096 a multiple of 8?
True
Is 1352824 a multiple of 44?
True
Does 35 divide 4104100?
True
Is 57 a factor of 439698?
True
Is 263174 a multiple of 95?
False
Is 145632 a multiple of 82?
True
Does 495 divide 195975?
False
Is 2311026 a multiple of 27?
False
Does 31 divide 966907?
False
Is 53 a factor of 139855?
False
Is 4302250 a multiple of 25?
True
Is 112514 a multiple of 50?
False
Is 16 a factor of 32096?
True
Does 15 divide 57195?
True
Is 24444316 a multiple of 359?
False
Does 25 divide 982825?
True
Does 313 divide 12818?
False
Does 80 divide 312211?
False
Is 3 a factor of 90362?
False
Is 39 a factor of 96408?
True
Does 109 divide 25737?
False
Is 41 a factor of 41447?
False
Is 1282228 a multiple of 234?
False
Is 27 a factor of 944687?
False
Does 53 divide 25016?
True
Is 2 a factor of 505418?
True
Is 400110 a multiple of 7?
False
Is 28365932 a multiple of 41?
True
Is 56730 a multiple of 93?
True
Is 226106 a multiple of 89?
False
Is 346264 a multiple of 500?
False
Does 15 divide 516125?
False
Does 22 divide 301710?
False
Is 1122922 a multiple of 26?
False
Is 29 a factor of 20459?
False
Does 449 divide 1087029?
True
Is 28 a factor of 11452?
True
Is 1625162 a multiple of 77?
True
Is 207 a factor of 2518196?
False
Does 23 divide 180366?
True
Does 40 divide 2070320?
True
Is 34200 a multiple of 50?
True
Is 107 a factor of 84851?
True
Does 7 divide 152814?
False
Is 130 a factor of 8651288?
False
Is 211990 a multiple of 170?
True
Does 158 divide 1453442?
True
Does 21 divide 8862?
True
Is 422116 a multiple of 5?
False
Is 154 a factor of 48401?
False
Is 455 a factor of 2723630?
True
Does 54 divide 21406?
False
Is 99679 a multiple of 24?
False
Is 825 a factor of 1733218?
False
Does 19 divide 2327412?
False
Is 2 a factor of 5253?
False
Does 411 divide 6037590?
True
Is 1341973 a multiple of 150?
False
Is 69217 a multiple of 3?
False
Does 12 divide 6328952?
False
Is 4682141 a multiple of 11?
False
Does 16 divide 8897632?
True
Does 26 divide 2497664?
True
Is 18 a factor of 841539?
False
Is 9 a factor of 99483?
False
Is 489603 a multiple of 22?
False
Is 401767 a multiple of 18?
False
Is 18 a factor of 32382?
True
Is 26 a factor of 1113970?
True
Does 20 divide 389960?
True
Is 569 a factor of 3384412?
True
Is 199056 a multiple of 52?
True
Is 12721470 a multiple of 6?
True
Is 1272 a factor of 469071?
False
Does 26 divide 312468?
True
Is 1895397 a multiple of 2099?
True
Is 480131 a multiple of 20?
False
Is 21 a factor of 503559?
True
Is 331568 a multiple of 34?
True
Does 1730 divide 5444166?
False
Does 209 divide 19186664?
False
Is 230420 a multiple of 820?
True
Does 60 divide 194040?
True
Does 13 divide 44629?
True
Is 89475 a multiple of 31?
False
Is 263064 a multiple of 339?
True
Is 6948235 a multiple of 35?
True
Is 40 a factor of 1256440?
True
Does 23 divide 864774?
False
Is 1417843 a multiple of 1049?
False
Is 61988 a multiple of 114?
False
Is 269 a factor of 18023?
True
Does 130 divide 9461790?
True
Is 41 a factor of 10030199?
True
Is 566 a factor of 16307452?
False
Is 99 a factor of 389795?
False
Is 76 a factor of 40363?
False
Is 1998455 a multiple of 139?
False
Is 2012930 a multiple of 202?
True
Is 263159 a multiple of 37?
False
Is 1661 a factor of 10826441?
False
Is 15 a factor of 985215?
True
Is 35 a factor of 886130?
True
Is 53731 a multiple of 82?
False
Is 451988 a multiple of 108?
False
Is 19 a factor of 89854?
False
Is 4224595 a multiple of 15?
False
Is 11 a factor of 205128?
True
Is 69 a factor of 1368477?
True
Is 6236667 a multiple of 9?
True
Is 834108 a multiple of 852?
True
Is 14 a factor of 1062726?
True
Does 5 divide 259745?
True
Is 1946 a multiple of 2?
True
Does 17 divide 216988?
True
Is 1566 a multiple of 29?
True
Is 168327 a multiple of 339?
False
Is 9264480 a multiple of 480?
True
Does 29 divide 120843?
True
Does 12 divide 25269120?
True
Is 82 a factor of 681667?
False
Does 19 divide 561947?
False
Does 12 divide 75091?
False
Is 246148 a multiple of 236?
True
Is 767 a factor of 1525563?
True
Does 536 divide 213864?
True
Does 19 divide 199807?
False
Is 2418164 a multiple of 67?
True
Is 3 a factor of 211521?
True
Does 22 divide 334709?
False
Is 5 a factor of 3253111?
False
Is 133 a factor of 1181173?
True
Is 16648 a multiple of 35?
False
Is 65 a factor of 58045?
True
Is 1608336 a multiple of 102?
True
Is 7654416 a multiple of 1526?
True
Is 110262 a multiple of 94?
True
Does 26 divide 2011926?
False
Is 202900 a multiple of 20?
True
Is 500172 a multiple of 3?
True
Is 110131 a multiple of 12?
False
Is 1839 a factor of 2988375?
True
Is 5 a factor of 409?
False
Is 342 a factor of 1153908?
True
Is 6 a factor of 2343033?
False
Is 176 a factor of 50952?
False
Is 22 a factor of 4750130?
True
Is 3172090 a multiple of 739?
False
Is 67626 a multiple of 34?
True
Does 214 divide 429856?
False
Does 262 divide 562124?
False
Is 438815 a multiple of 40?
False
Does 50 divide 148550?
True
Is 725115 a multiple of 381?
False
Is 112 a factor of 388948?
False
Is 119841 a multiple of 22?
False
Is 1226 a multiple of 17?
False
Is 341340 a multiple of 5?
True
Is 59 a factor of 113634?
True
Is 640 a factor of 1554945?
False
Is 138 a factor of 4993213?
False
Does 44 divide 1815836?
True
Is 64 a factor of 8055208?
False
Is 267739 a multiple of 153?
False
Is 79254 a multiple of 34?
True
Is 7 a factor of 144127?
False
Is 4168920 a multiple of 50?
False
Does 48 divide 1920?
True
Is 79459 a multiple of 2